{"id":64,"date":"2025-04-18T14:41:19","date_gmt":"2025-04-18T14:41:19","guid":{"rendered":"https:\/\/twp.starinux.org\/?page_id=64"},"modified":"2026-03-19T15:25:33","modified_gmt":"2026-03-19T14:25:33","slug":"contact","status":"publish","type":"page","link":"https:\/\/www.starinux.org\/?page_id=64","title":{"rendered":"Contact"},"content":{"rendered":"<style id=\"wpforms-css-vars-199-block-9e97729c-cb41-4027-9839-0e240a2fa7d3\">\n\t\t\t\t#wpforms-199.wpforms-block-9e97729c-cb41-4027-9839-0e240a2fa7d3 {\n\t\t\t\t--wpforms-label-color: rgba(0, 0, 0, 0.85);\n--wpforms-label-sublabel-color: rgba(0, 0, 0, 0.55);\n--wpforms-field-border-size: 2px;\n--wpforms-field-border-radius: 7px;\n--wpforms-field-border-color: #800a7c;\n--wpforms-field-border-color-spare: #800a7c;\n--wpforms-field-text-color: rgba(0, 0, 0, 0.7);\n--wpforms-button-border-radius: 10px;\n--wpforms-button-background-color: #9c07ad;\n--wpforms-field-size-input-height: 43px;\n--wpforms-field-size-input-spacing: 15px;\n--wpforms-field-size-font-size: 16px;\n--wpforms-field-size-line-height: 19px;\n--wpforms-field-size-padding-h: 14px;\n--wpforms-field-size-checkbox-size: 16px;\n--wpforms-field-size-sublabel-spacing: 5px;\n--wpforms-field-size-icon-size: 1;\n--wpforms-label-size-font-size: 16px;\n--wpforms-label-size-line-height: 19px;\n--wpforms-label-size-sublabel-font-size: 14px;\n--wpforms-label-size-sublabel-line-height: 17px;\n--wpforms-button-size-font-size: 17px;\n--wpforms-button-size-height: 41px;\n--wpforms-button-size-padding-h: 15px;\n--wpforms-button-size-margin-top: 10px;\n\t\t\t}\n\t\t\t<\/style><div class=\"wpforms-container wpforms-container-full wpforms-block wpforms-block-9e97729c-cb41-4027-9839-0e240a2fa7d3 wpforms-render-modern\" id=\"wpforms-199\"><form id=\"wpforms-form-199\" class=\"wpforms-validate wpforms-form wpforms-ajax-form\" data-formid=\"199\" method=\"post\" enctype=\"multipart\/form-data\" action=\"\/index.php?rest_route=%2Fwp%2Fv2%2Fpages%2F64\" data-token=\"d2508370eb3732bfb0b2988dbbd48324\" data-token-time=\"1775648375\"><noscript class=\"wpforms-error-noscript\">Veuillez activer JavaScript dans votre navigateur pour remplir ce formulaire.<\/noscript><div id=\"wpforms-error-noscript\" style=\"display: none;\">Veuillez activer JavaScript dans votre navigateur pour remplir ce formulaire.<\/div><div class=\"wpforms-field-container\"><div id=\"wpforms-199-field_7-container\" class=\"wpforms-field wpforms-field-name\" data-field-id=\"7\"><label class=\"wpforms-field-label\" for=\"wpforms-199-field_7\">Nom <span class=\"wpforms-required-label\" aria-hidden=\"true\">*<\/span><\/label><input type=\"text\" id=\"wpforms-199-field_7\" class=\"wpforms-field-medium wpforms-field-required\" name=\"wpforms[fields][7]\" aria-errormessage=\"wpforms-199-field_7-error\" required><\/div>\t\t<div id=\"wpforms-199-field_1-container\"\n\t\t\tclass=\"wpforms-field wpforms-field-text\"\n\t\t\tdata-field-type=\"text\"\n\t\t\tdata-field-id=\"1\"\n\t\t\t>\n\t\t\t<label class=\"wpforms-field-label\" for=\"wpforms-199-field_1\" >message Nom Commentaire<\/label>\n\t\t\t<input type=\"text\" id=\"wpforms-199-field_1\" class=\"wpforms-field-medium\" name=\"wpforms[fields][1]\" >\n\t\t<\/div>\n\t\t<div id=\"wpforms-199-field_9-container\" class=\"wpforms-field wpforms-field-email\" data-field-id=\"9\"><label class=\"wpforms-field-label\" for=\"wpforms-199-field_9\">E-mail <span class=\"wpforms-required-label\" aria-hidden=\"true\">*<\/span><\/label><input type=\"email\" id=\"wpforms-199-field_9\" class=\"wpforms-field-medium wpforms-field-required\" name=\"wpforms[fields][9]\" spellcheck=\"false\" aria-errormessage=\"wpforms-199-field_9-error\" required><\/div><div id=\"wpforms-199-field_3-container\" class=\"wpforms-field wpforms-field-textarea\" data-field-id=\"3\"><label class=\"wpforms-field-label\" for=\"wpforms-199-field_3\">Commentaire ou message<\/label><textarea id=\"wpforms-199-field_3\" class=\"wpforms-field-medium\" name=\"wpforms[fields][3]\" aria-errormessage=\"wpforms-199-field_3-error\" ><\/textarea><\/div><script>\n\t\t\t\t( function() {\n\t\t\t\t\tconst style = document.createElement( 'style' );\n\t\t\t\t\tstyle.appendChild( document.createTextNode( '#wpforms-199-field_1-container { position: absolute !important; overflow: hidden !important; display: inline !important; height: 1px !important; width: 1px !important; z-index: -1000 !important; padding: 0 !important; } #wpforms-199-field_1-container input { visibility: hidden; } #wpforms-conversational-form-page #wpforms-199-field_1-container label { counter-increment: none; }' ) );\n\t\t\t\t\tdocument.head.appendChild( style );\n\t\t\t\t\tdocument.currentScript?.remove();\n\t\t\t\t} )();\n\t\t\t<\/script><\/div><!-- .wpforms-field-container --><div class=\"wpforms-submit-container\" ><input type=\"hidden\" name=\"wpforms[id]\" value=\"199\"><input type=\"hidden\" name=\"page_title\" value=\"\"><input type=\"hidden\" name=\"page_url\" value=\"https:\/\/www.starinux.org\/index.php?rest_route=\/wp\/v2\/pages\/64\"><input type=\"hidden\" name=\"url_referer\" value=\"\"><button type=\"submit\" name=\"wpforms[submit]\" id=\"wpforms-submit-199\" class=\"wpforms-submit\" data-alt-text=\"Envoi...\" data-submit-text=\"Envoyer\" aria-live=\"assertive\" value=\"wpforms-submit\">Envoyer<\/button><img loading=\"lazy\" decoding=\"async\" src=\"https:\/\/www.starinux.org\/wp-content\/plugins\/wpforms-lite\/assets\/images\/submit-spin.svg\" class=\"wpforms-submit-spinner\" style=\"display: none;\" width=\"26\" height=\"26\" alt=\"Chargement en cours\"><\/div><\/form><\/div>  <!-- .wpforms-container -->\n\n<hr \/>\n<p><strong><span style=\"color: #800080;\">NOTRE POINT DE RENCONTRE<\/span><\/strong> :<\/p>\n<p>Nos membres, toutes les personnes int\u00e9ress\u00e9es par le Logiciel Libre et Opensource, peuvent rencontrer StarinuX pour une rencontrer informelle dans notre salle pr\u00eat\u00e9e par la mairie de Courbevoie (nouveau b\u00e2timent des associations).<\/p>\n<hr \/>\n<p><b><span style=\"color: #800080;\">LIEU<\/span>\u00a0 \u00a0 \u00a0 \u00a0 \u00a0 \u00a0 \u00a0 <\/b>\u00a0: <strong>48 RUE DE COLOMBES 92400 COURVEVOIE, \u00e9tage 1A, SALLE 4<\/strong>.<\/p>\n<p>(Cette salle neuve, claire, spacieuse, bien \u00e9quip\u00e9e, sert essentiellement \u00e0 nos r\u00e9unions, ateliers, elle poss\u00e8de : une connexion r\u00e9seau, routeurs, hubs, Ethernet, WiFi, internet, tableau, feutres, paperboard, vid\u00e9o-projecteur, pc-portables, collation offerte&#8230;)<\/p>\n<p><span style=\"color: #800080;\"><b>Transports<\/b><\/span>\u00a0: SNCF gare Courbevoie, ligne St Lazare &lt;=&gt; La D\u00e9fense ou bus 275 au m\u00e9tro pont de Levallois, arr\u00eat stade :<\/p>\n<ul>\n<li><span style=\"color: #800080;\"><strong>PLAN D&rsquo;ACC\u00c8S<\/strong>.<\/span><\/li>\n<\/ul>\n<p><iframe loading=\"lazy\" style=\"border: 0;\" src=\"https:\/\/www.google.com\/maps\/embed?pb=!1m18!1m12!1m3!1d2701.3069028193963!2d2.2555661796548647!3d48.90089784690291!2m3!1f0!2f0!3f0!3m2!1i1024!2i768!4f13.1!3m3!1m2!1s0x47e665a049abb541%3A0xea6a2f1182dfac55!2s48%20Rue%20de%20Colombes%2C%2092400%20Courbevoie!5e1!3m2!1sfr!2sfr!4v1746373739512!5m2!1sfr!2sfr\" width=\"600\" height=\"450\" allowfullscreen=\"allowfullscreen\"><\/iframe><\/p>\n<p><span style=\"color: #800080;\"><b>HORAIRES<\/b><\/span>\u00a0: de 10h30 \u00e0 12h30 et de 14h \u00e0 17h30.<\/p>\n<hr \/>\n\n<\/table>\n","protected":false},"excerpt":{"rendered":"<p>NOTRE POINT DE RENCONTRE : Nos membres, toutes les personnes int\u00e9ress\u00e9es par le Logiciel Libre et Opensource, peuvent rencontrer StarinuX pour une rencontrer informelle dans notre salle pr\u00eat\u00e9e par la mairie de Courbevoie (nouveau b\u00e2timent des associations). LIEU\u00a0 \u00a0 \u00a0 \u00a0 \u00a0 \u00a0 \u00a0 \u00a0: 48 RUE DE COLOMBES 92400 COURVEVOIE, \u00e9tage 1A, SALLE 4. &hellip; <\/p>\n<p><a class=\"more-link btn\" href=\"https:\/\/www.starinux.org\/?page_id=64\">Lire la suite<\/a><\/p>\n","protected":false},"author":2,"featured_media":0,"parent":0,"menu_order":0,"comment_status":"closed","ping_status":"closed","template":"","meta":{"_bbp_topic_count":0,"_bbp_reply_count":0,"_bbp_total_topic_count":0,"_bbp_total_reply_count":0,"_bbp_voice_count":0,"_bbp_anonymous_reply_count":0,"_bbp_topic_count_hidden":0,"_bbp_reply_count_hidden":0,"_bbp_forum_subforum_count":0,"_crdt_document":"","_piecal_is_event":false,"_piecal_start_date":"","_piecal_end_date":"","_piecal_is_allday":false,"footnotes":""},"class_list":["post-64","page","type-page","status-publish","hentry","nodate","item-wrap"],"publishpress_future_action":{"enabled":false,"date":"2026-04-15 12:39:35","action":"change-status","newStatus":"draft","terms":[],"taxonomy":"","extraData":[]},"publishpress_future_workflow_manual_trigger":{"enabledWorkflows":[]},"_links":{"self":[{"href":"https:\/\/www.starinux.org\/index.php?rest_route=\/wp\/v2\/pages\/64","targetHints":{"allow":["GET"]}}],"collection":[{"href":"https:\/\/www.starinux.org\/index.php?rest_route=\/wp\/v2\/pages"}],"about":[{"href":"https:\/\/www.starinux.org\/index.php?rest_route=\/wp\/v2\/types\/page"}],"author":[{"embeddable":true,"href":"https:\/\/www.starinux.org\/index.php?rest_route=\/wp\/v2\/users\/2"}],"replies":[{"embeddable":true,"href":"https:\/\/www.starinux.org\/index.php?rest_route=%2Fwp%2Fv2%2Fcomments&post=64"}],"version-history":[{"count":30,"href":"https:\/\/www.starinux.org\/index.php?rest_route=\/wp\/v2\/pages\/64\/revisions"}],"predecessor-version":[{"id":1860,"href":"https:\/\/www.starinux.org\/index.php?rest_route=\/wp\/v2\/pages\/64\/revisions\/1860"}],"wp:attachment":[{"href":"https:\/\/www.starinux.org\/index.php?rest_route=%2Fwp%2Fv2%2Fmedia&parent=64"}],"curies":[{"name":"wp","href":"https:\/\/api.w.org\/{rel}","templated":true}]}}