{"id":566,"date":"2025-07-11T14:48:45","date_gmt":"2025-07-11T14:48:45","guid":{"rendered":"https:\/\/twp.starinux.org\/?page_id=566"},"modified":"2026-01-16T17:17:11","modified_gmt":"2026-01-16T16:17:11","slug":"les-conferences","status":"publish","type":"page","link":"https:\/\/www.starinux.org\/?page_id=566","title":{"rendered":"Les conf\u00e9rences"},"content":{"rendered":"<h4><b>\u00a0 \u00a0 \u00a0 \u00a0 \u00a0 \u00a0 \u00a0 \u00a0 \u00a0 \u00a0 \u00a0 \u00a0 \u00a0 \u00a0 \u00a0 \u00a0 \u00a0 \u00a0 \u00a0 \u00a0 \u00a0 <span style=\"color: #800080;\">Les conf\u00e9rences de<\/span> \u00a0 <span style=\"color: #800080;\">StarinuX<\/span><\/b><span style=\"color: #800080;\">\u00a0au FORMAT PDF<\/span><\/h4>\n<p><center><span style=\"color: #800080;\"><b>COMPRENDRE : LA R\u00c9VOLUTION NUM\u00c9RIQUE, LES ENJEUX R\u00c9ELS, LE LOGICIEL LIBRE, L&rsquo;OPENSOURCE<\/b><\/span><\/center><\/p>\n<table width=\"95%\" align=\"center\">\n<tbody>\n<tr>\n<td id=\"fielde\" valign=\"top\">1]\u00a0<b>LA SAGA DE L&rsquo;INFORMATIQUE<\/b>\u00a0depuis 1942 \u00e0 nos jours (conf\u00e9rence 2009 cyberbase de 92-Nanterre)2]\u00a0<b>NAISSANCE D&rsquo;UNE R\u00c9VOLUTION NUM\u00c9RIQUE<\/b>\u00a0(conf\u00e9rence 2012 cyberbase de 95-Deuil-la-Barre)<br \/>\n\u00ab\u00a0pourquoi le Logiciel Libre et comment l&rsquo;adopter ?\u00a0\u00bb3]\u00a0<b>LE CODE SOURCE DU 1ER UNIX<\/b>\u00a0datant de 1972.<\/p>\n<p>4]\u00a0<b>GNU\/LINUX, le LOGICIEL LIBRE, L&rsquo;OPENSOURCE<\/b>, pourquoi, comment les adopter ?<\/p>\n<p>5]\u00a0<b>LOGICIEL LIBRE : standards ouverts et interop\u00e9rabilit\u00e9<\/b><\/p>\n<p>6]\u00a0<b>TOUT COMPRENDRE SUR GNU\/LINUX<\/b>\u00a0: origine, cr\u00e9ation, utilisation.<\/p>\n<p>7]\u00a0<b>EXPOS\u00c9 SUR GNU\/LINUX, les logiciels libres<\/b>\u00a0(datant de 1998, mais encore valide).<\/p>\n<p>8]\u00a0<b>PR\u00c9SENTATION DU LOGICIEL LIBRE<\/b>\u00a0(conf\u00e9rence 2008 cyberbase de 78-Sartrouville).<\/p>\n<p>9]\u00a0<b>OBSERVATOIRE DU LOGICIEL LIBRE<\/b>.<\/p>\n<p>10]<strong> LE RAPPORT DE MICHEL ROCARD SUR LE LOGICIEL LIBRE<\/strong>.<\/p>\n<p style=\"text-align: center;\"><span style=\"color: #ff0000;\">Dix documents p\u00e9dagogiques instructifs, dont 3 imag\u00e9s, qui feront changer vos id\u00e9es sur l&rsquo;informatique,<\/span><br \/>\n<span style=\"color: #ff0000;\">et susceptibles de vous aider \u00e0 pr\u00e9parer une conf\u00e9rence sur le sujet.<\/span><\/p>\n<ul>\n<li><a title=\"Si vous \u00eates adh\u00e9rent(e) \u00e0 jour : clic\" href=\"https:\/\/association.starinux.org\/login\" target=\"_self\"><b>ACC\u00c8S AUX DOCUMENTS<\/b><b>\u00a0: <span style=\"color: #0000ff;\">vous IDENTIFIER<\/span><\/b><\/a><span style=\"color: #0000ff;\">.<\/span><\/li>\n<\/ul>\n<\/td>\n<\/tr>\n<\/tbody>\n<\/table>\n","protected":false},"excerpt":{"rendered":"<p>\u00a0 \u00a0 \u00a0 \u00a0 \u00a0 \u00a0 \u00a0 \u00a0 \u00a0 \u00a0 \u00a0 \u00a0 \u00a0 \u00a0 \u00a0 \u00a0 \u00a0 \u00a0 \u00a0 \u00a0 \u00a0 Les conf\u00e9rences de \u00a0 StarinuX\u00a0au FORMAT PDF COMPRENDRE : LA R\u00c9VOLUTION NUM\u00c9RIQUE, LES ENJEUX R\u00c9ELS, LE LOGICIEL LIBRE, L&rsquo;OPENSOURCE 1]\u00a0LA SAGA DE L&rsquo;INFORMATIQUE\u00a0depuis 1942 \u00e0 nos jours (conf\u00e9rence 2009 cyberbase de 92-Nanterre)2]\u00a0NAISSANCE D&rsquo;UNE R\u00c9VOLUTION &hellip; <\/p>\n<p><a class=\"more-link btn\" href=\"https:\/\/www.starinux.org\/?page_id=566\">Lire la suite<\/a><\/p>\n","protected":false},"author":2,"featured_media":0,"parent":0,"menu_order":0,"comment_status":"closed","ping_status":"closed","template":"","meta":{"_bbp_topic_count":0,"_bbp_reply_count":0,"_bbp_total_topic_count":0,"_bbp_total_reply_count":0,"_bbp_voice_count":0,"_bbp_anonymous_reply_count":0,"_bbp_topic_count_hidden":0,"_bbp_reply_count_hidden":0,"_bbp_forum_subforum_count":0,"_crdt_document":"","_piecal_is_event":false,"_piecal_start_date":"","_piecal_end_date":"","_piecal_is_allday":false,"footnotes":""},"class_list":["post-566","page","type-page","status-publish","hentry","nodate","item-wrap"],"publishpress_future_action":{"enabled":false,"date":"2026-04-15 13:52:35","action":"change-status","newStatus":"draft","terms":[],"taxonomy":"","extraData":[]},"publishpress_future_workflow_manual_trigger":{"enabledWorkflows":[]},"_links":{"self":[{"href":"https:\/\/www.starinux.org\/index.php?rest_route=\/wp\/v2\/pages\/566","targetHints":{"allow":["GET"]}}],"collection":[{"href":"https:\/\/www.starinux.org\/index.php?rest_route=\/wp\/v2\/pages"}],"about":[{"href":"https:\/\/www.starinux.org\/index.php?rest_route=\/wp\/v2\/types\/page"}],"author":[{"embeddable":true,"href":"https:\/\/www.starinux.org\/index.php?rest_route=\/wp\/v2\/users\/2"}],"replies":[{"embeddable":true,"href":"https:\/\/www.starinux.org\/index.php?rest_route=%2Fwp%2Fv2%2Fcomments&post=566"}],"version-history":[{"count":9,"href":"https:\/\/www.starinux.org\/index.php?rest_route=\/wp\/v2\/pages\/566\/revisions"}],"predecessor-version":[{"id":1696,"href":"https:\/\/www.starinux.org\/index.php?rest_route=\/wp\/v2\/pages\/566\/revisions\/1696"}],"wp:attachment":[{"href":"https:\/\/www.starinux.org\/index.php?rest_route=%2Fwp%2Fv2%2Fmedia&parent=566"}],"curies":[{"name":"wp","href":"https:\/\/api.w.org\/{rel}","templated":true}]}}