{"id":440,"date":"2025-06-12T14:36:52","date_gmt":"2025-06-12T14:36:52","guid":{"rendered":"https:\/\/twp.starinux.org\/?page_id=440"},"modified":"2025-10-29T13:38:42","modified_gmt":"2025-10-29T11:38:42","slug":"definition-du-logiciel-opensource","status":"publish","type":"page","link":"https:\/\/www.starinux.org\/?page_id=440","title":{"rendered":"D\u00e9finition du logiciel Opensource"},"content":{"rendered":"\n<h2 class=\"wp-block-heading has-text-align-center has-vivid-purple-color has-text-color has-link-color wp-elements-fc664860c3d2e4c068ad31b41d4c4b2f\">D\u00c9FINITION DU LOGICIEL LIBRE ET OPENSOURCE<\/h2>\n\n\n\n<p class=\"wp-block-paragraph\"><strong>Le principe&nbsp;:<\/strong><br>Il est livr\u00e9 avec son code source de mani\u00e8re \u00e0 \u00eatre copi\u00e9, modifi\u00e9 et redistribu\u00e9, \u00e9voluant ainsi de fa\u00e7on continue vers une version toujours plus perfectionn\u00e9e, dans un contexte de d\u00e9veloppement coop\u00e9ratif, communautaire et de partage.<\/p>\n\n\n\n<p class=\"wp-block-paragraph\"><strong>L&rsquo;aspect juridique&nbsp;:<\/strong><br>Il se d\u00e9finit par les libert\u00e9s d&rsquo;usage, d&rsquo;\u00e9tude, de copie, de modification et de redistribution que sa licence garantit juridiquement \u00e0 l&rsquo;utilisateur.<\/p>\n\n\n\n<p class=\"wp-block-paragraph\">Ces libert\u00e9s sont d\u00e9finies par \u00ab\u00a0la Free Software Foundation (FSF)\u00a0\u00bb de la mani\u00e8re suivante :<br>&#8211; Libert\u00e9 0 : La libert\u00e9 d&rsquo;ex\u00e9cuter le programme pour tous les usages,<br>&#8211; Libert\u00e9 1 : La libert\u00e9 d&rsquo;\u00e9tudier le fonctionnement du programme,<br>&#8211; Libert\u00e9 2 : La libert\u00e9 d&rsquo;en redistribuer des copies,<br>&#8211; Libert\u00e9 3 : La libert\u00e9 d&rsquo;am\u00e9liorer le programme et de publier ses am\u00e9liorations.<\/p>\n\n\n\n<p class=\"wp-block-paragraph\">Les logiciels Libres sont prot\u00e9g\u00e9s par le droit d&rsquo;auteur. Leur particularit\u00e9 est que l&rsquo;auteur exerce son droit en distribuant le logiciel accompagn\u00e9 d&rsquo;une licence Libre qui pr\u00e9cise les droits et les devoirs de l&rsquo;utilisateur.<br>\u00c0 titre d&rsquo;exemple, nous pouvons citer les licences Libres GPL, BSD ou encore CeCILL.<\/p>\n\n\n\n<p class=\"wp-block-paragraph\">\u00c0 noter que le terme \u00ab\u00a0Logiciel\u00a0\u00bb peut \u00eatre mis en analogie avec le terme \u00ab\u00a0Technologie\u00a0\u00bb.<br>(voir \u00e9galement la d\u00e9finition de Wikip\u00e9dia).<\/p>\n\n\n\n<p class=\"wp-block-paragraph\">\u00abUn logiciel Libre est un logiciel dont l&rsquo;utilisation, l&rsquo;\u00e9tude, la modification et la duplication en vue de sa diffusion sont permises, techniquement et l\u00e9galement, afin de garantir certaines libert\u00e9s induites, dont le contr\u00f4le du programme par l&rsquo;utilisateur, et la possibilit\u00e9 de partage entre individus.<br>Ces droits peuvent \u00eatre simplement disponibles (cas du domaine public) ou bien \u00e9tablis par une licence, dite \u00abLibre\u00bb, bas\u00e9e sur le droit d&rsquo;auteur.<br>Les \u00ablicences copyleft\u00bb garantissent le maintien de ces droits aux utilisateurs m\u00eame pour les travaux d\u00e9riv\u00e9s. Les logiciels Libres constituent une alternative \u00e0 ceux qui ne le sont pas, qualifi\u00e9s de \u00abpropri\u00e9taires\u00bb ou de \u00abprivateurs\u00bb.\u00bb<\/p>\n","protected":false},"excerpt":{"rendered":"<p>D\u00c9FINITION DU LOGICIEL LIBRE ET OPENSOURCE Le principe&nbsp;:Il est livr\u00e9 avec son code source de mani\u00e8re \u00e0 \u00eatre copi\u00e9, modifi\u00e9 et redistribu\u00e9, \u00e9voluant ainsi de fa\u00e7on continue vers une version toujours plus perfectionn\u00e9e, dans un contexte de d\u00e9veloppement coop\u00e9ratif, communautaire et de partage. L&rsquo;aspect juridique&nbsp;:Il se d\u00e9finit par les libert\u00e9s d&rsquo;usage, d&rsquo;\u00e9tude, de copie, de &hellip; <\/p>\n<p><a class=\"more-link btn\" href=\"https:\/\/www.starinux.org\/?page_id=440\">Lire la suite<\/a><\/p>\n","protected":false},"author":2,"featured_media":0,"parent":42,"menu_order":0,"comment_status":"closed","ping_status":"closed","template":"","meta":{"_bbp_topic_count":0,"_bbp_reply_count":0,"_bbp_total_topic_count":0,"_bbp_total_reply_count":0,"_bbp_voice_count":0,"_bbp_anonymous_reply_count":0,"_bbp_topic_count_hidden":0,"_bbp_reply_count_hidden":0,"_bbp_forum_subforum_count":0,"_crdt_document":"","_piecal_is_event":false,"_piecal_start_date":"","_piecal_end_date":"","_piecal_is_allday":false,"footnotes":""},"class_list":["post-440","page","type-page","status-publish","hentry","nodate","item-wrap"],"publishpress_future_action":{"enabled":false,"date":"2026-04-15 12:16:27","action":"change-status","newStatus":"draft","terms":[],"taxonomy":"","extraData":[]},"publishpress_future_workflow_manual_trigger":{"enabledWorkflows":[]},"_links":{"self":[{"href":"https:\/\/www.starinux.org\/index.php?rest_route=\/wp\/v2\/pages\/440","targetHints":{"allow":["GET"]}}],"collection":[{"href":"https:\/\/www.starinux.org\/index.php?rest_route=\/wp\/v2\/pages"}],"about":[{"href":"https:\/\/www.starinux.org\/index.php?rest_route=\/wp\/v2\/types\/page"}],"author":[{"embeddable":true,"href":"https:\/\/www.starinux.org\/index.php?rest_route=\/wp\/v2\/users\/2"}],"replies":[{"embeddable":true,"href":"https:\/\/www.starinux.org\/index.php?rest_route=%2Fwp%2Fv2%2Fcomments&post=440"}],"version-history":[{"count":3,"href":"https:\/\/www.starinux.org\/index.php?rest_route=\/wp\/v2\/pages\/440\/revisions"}],"predecessor-version":[{"id":830,"href":"https:\/\/www.starinux.org\/index.php?rest_route=\/wp\/v2\/pages\/440\/revisions\/830"}],"up":[{"embeddable":true,"href":"https:\/\/www.starinux.org\/index.php?rest_route=\/wp\/v2\/pages\/42"}],"wp:attachment":[{"href":"https:\/\/www.starinux.org\/index.php?rest_route=%2Fwp%2Fv2%2Fmedia&parent=440"}],"curies":[{"name":"wp","href":"https:\/\/api.w.org\/{rel}","templated":true}]}}